{"id":232,"date":"2013-09-07T14:35:21","date_gmt":"2013-09-07T12:35:21","guid":{"rendered":"http:\/\/leben-sinn.de\/lebensberatung\/?page_id=232"},"modified":"2026-03-25T16:06:24","modified_gmt":"2026-03-25T14:06:24","slug":"yogawochenende-termine-preise","status":"publish","type":"page","link":"http:\/\/leben-sinn.de\/lebensberatung\/yoga-zentrum\/yogawochenende\/yogawochenende-termine-preise","title":{"rendered":"yogawochenende-termine-preise"},"content":{"rendered":"<table class=\"inhalt\">\n<tbody>\n<tr>\n<td class=\"text\">\n<h1>termine \/ preise<\/h1>\n<h3><span style=\"color: #ffffff;\">terluft<\/span><\/h3>\n<h3><span style=\"color: #ff6600;\">Die F\u00fclle des Sp\u00e4tsommers genie\u00dfen\u00a0 \/ 195,00 \u20ac<\/span><br \/>\n18. September &#8211; 20. September 2026<\/h3>\n<h4><span style=\"color: #99cc00;\">Letzte warme Sommer-Tage &#8211; die Freiheit sp\u00fcren &#8230;<\/span><\/h4>\n<p>Wir sind wohlwollend miteinander unterwegs &#8211; der Appenhof l\u00e4dt uns mit seiner Einfachheit ein, ganz bei uns anzukommen. Hier ticken die Uhren noch etwas langsamer, bleibt die Hektik des Alltages vor dem gro\u00dfen Hoftor au\u00dfen vor.<\/p>\n<p>Wir gehen wandern und erkunden die Umgebung, und manchmal kommen wir bei der besten Eisdiele der Welt vorbei und genie\u00dfen auch diese Herrlichkeiten &#8230;<\/p>\n<p>F\u00fcr Essen und Trinken ist gesorgt &#8211; und falls es kalt werden sollte, gibt es auch eine Sauna im Haus.<\/p>\n<h4><\/h4>\n<h3><\/h3>\n<h3><span style=\"color: #ffffff;\"><strong>RESET<\/strong><\/span><\/h3>\n<h3><span style=\"color: #ffffff; font-size: revert; font-weight: revert; font-family: inherit;\">A<\/span><\/h3>\n<p>Die Kosten umfassen das Seminar, die Verpflegung und die \u00dcbernachtung.<\/p>\n<p>Die Krankenkassen \u00fcbernehmen die Kosten f\u00fcr die Yoga-Stunden anteilig; ich bin bei den Kassen als Yoga-Lehrerin gelistet und zugelassen, so dass die Erstattung in der Regel unkompliziert ist.<\/p>\n<p>Bitte sprich mich bei Fragen gern an:<\/p>\n<p><strong><span style=\"color: #99cc00;\">mail(at)leben-sinn.de<\/span><\/strong><\/p>\n<p><strong><span style=\"color: #99cc00;\">0174 &#8211; 314 999 5<\/span><\/strong><\/td>\n<td class=\"bild\">\u00a0<img decoding=\"async\" loading=\"lazy\" class=\"alignright wp-image-1587\" src=\"http:\/\/leben-sinn.de\/lebensberatung\/wp-content\/uploads\/Ginko-unten-breter.jpg\" alt=\"Ginko unten breter\" width=\"518\" height=\"342\" srcset=\"http:\/\/leben-sinn.de\/lebensberatung\/wp-content\/uploads\/Ginko-unten-breter.jpg 768w, http:\/\/leben-sinn.de\/lebensberatung\/wp-content\/uploads\/Ginko-unten-breter-300x198.jpg 300w, http:\/\/leben-sinn.de\/lebensberatung\/wp-content\/uploads\/Ginko-unten-breter-624x411.jpg 624w\" sizes=\"(max-width: 518px) 100vw, 518px\" \/><\/td>\n<\/tr>\n<\/tbody>\n<\/table>\n","protected":false},"excerpt":{"rendered":"<p>termine \/ preise terluft Die F\u00fclle des Sp\u00e4tsommers genie\u00dfen\u00a0 \/ 195,00 \u20ac 18. September &#8211; 20. September 2026 Letzte warme Sommer-Tage &#8211; die Freiheit sp\u00fcren &#8230; Wir sind wohlwollend miteinander unterwegs &#8211; der Appenhof l\u00e4dt uns mit seiner Einfachheit ein, ganz bei uns anzukommen. Hier ticken die Uhren noch etwas langsamer, bleibt die Hektik des [&hellip;]<\/p>\n","protected":false},"author":1,"featured_media":0,"parent":223,"menu_order":0,"comment_status":"closed","ping_status":"closed","template":"page-templates\/full-width.php","meta":[],"_links":{"self":[{"href":"http:\/\/leben-sinn.de\/lebensberatung\/wp-json\/wp\/v2\/pages\/232"}],"collection":[{"href":"http:\/\/leben-sinn.de\/lebensberatung\/wp-json\/wp\/v2\/pages"}],"about":[{"href":"http:\/\/leben-sinn.de\/lebensberatung\/wp-json\/wp\/v2\/types\/page"}],"author":[{"embeddable":true,"href":"http:\/\/leben-sinn.de\/lebensberatung\/wp-json\/wp\/v2\/users\/1"}],"replies":[{"embeddable":true,"href":"http:\/\/leben-sinn.de\/lebensberatung\/wp-json\/wp\/v2\/comments?post=232"}],"version-history":[{"count":123,"href":"http:\/\/leben-sinn.de\/lebensberatung\/wp-json\/wp\/v2\/pages\/232\/revisions"}],"predecessor-version":[{"id":2468,"href":"http:\/\/leben-sinn.de\/lebensberatung\/wp-json\/wp\/v2\/pages\/232\/revisions\/2468"}],"up":[{"embeddable":true,"href":"http:\/\/leben-sinn.de\/lebensberatung\/wp-json\/wp\/v2\/pages\/223"}],"wp:attachment":[{"href":"http:\/\/leben-sinn.de\/lebensberatung\/wp-json\/wp\/v2\/media?parent=232"}],"curies":[{"name":"wp","href":"https:\/\/api.w.org\/{rel}","templated":true}]}}