{"id":271,"date":"2013-09-07T15:46:01","date_gmt":"2013-09-07T13:46:01","guid":{"rendered":"http:\/\/leben-sinn.de\/lebensberatung\/?page_id=271"},"modified":"2019-10-16T10:23:11","modified_gmt":"2019-10-16T08:23:11","slug":"naturheilpraxis","status":"publish","type":"page","link":"http:\/\/leben-sinn.de\/lebensberatung\/naturheilpraxis","title":{"rendered":"naturheilpraxis"},"content":{"rendered":"<table class=\"inhalt\">\n<tbody>\n<tr>\n<td class=\"text\">\n<h1>heilung beginnt immer in uns selbst<\/h1>\n<p><strong><span style=\"color: #99cc00;\">Ich bin Heilpraktikerin aus tiefster \u00dcberzeugung.<\/span> <\/strong><\/p>\n<p style=\"text-align: justify;\">Auf der Basis einer ganzheitlichen Sichtweise stehen Sie bei mir als Mensch mit Ihrer ganzen komplexen Pers\u00f6nlichkeit im Mittelpunkt. Nach umfassender Befragung und Untersuchung entwickle ich mit Ihnen gemeinsam ein individuelles Behandlungskonzept.<br \/>\nNeben der Linderung der Symptome geht es vor allem darum, die Ursachen der Erkrankung ausfindig zu machen und genau dort anzusetzen.<\/p>\n<p style=\"text-align: justify;\">Ich unterst\u00fctze Sie dabei, auf nat\u00fcrlichen Wegen Ihre ureigenen Selbstheilungskr\u00e4fte wieder zu aktivieren. So k\u00f6nnen Sie in Ihrer Ganzheit von K\u00f6rper, Geist und Seele auf einer tiefen Ebene heilen.<\/p>\n<p><a title=\"Ern\u00e4hrungsberatung\" href=\"ernaehrungsberatung\">Ern\u00e4hrungsberatung<\/a><a href=\"systemische-aufstellungen\">Systemische Aufstellungen<\/a><\/td>\n<td class=\"bild\"><img decoding=\"async\" loading=\"lazy\" class=\"alignright size-full wp-image-145\" style=\"margin: 35px 50px;\" src=\"http:\/\/leben-sinn.de\/lebensberatung\/wp-content\/uploads\/2013\/09\/naturheilpraxis.jpg\" alt=\"moewe\" width=\"272\" height=\"370\" \/><\/td>\n<\/tr>\n<\/tbody>\n<\/table>\n","protected":false},"excerpt":{"rendered":"<p>heilung beginnt immer in uns selbst Ich bin Heilpraktikerin aus tiefster \u00dcberzeugung. Auf der Basis einer ganzheitlichen Sichtweise stehen Sie bei mir als Mensch mit Ihrer ganzen komplexen Pers\u00f6nlichkeit im Mittelpunkt. Nach umfassender Befragung und Untersuchung entwickle ich mit Ihnen gemeinsam ein individuelles Behandlungskonzept. Neben der Linderung der Symptome geht es vor allem darum, die [&hellip;]<\/p>\n","protected":false},"author":1,"featured_media":0,"parent":0,"menu_order":0,"comment_status":"closed","ping_status":"closed","template":"page-templates\/full-width.php","meta":[],"_links":{"self":[{"href":"http:\/\/leben-sinn.de\/lebensberatung\/wp-json\/wp\/v2\/pages\/271"}],"collection":[{"href":"http:\/\/leben-sinn.de\/lebensberatung\/wp-json\/wp\/v2\/pages"}],"about":[{"href":"http:\/\/leben-sinn.de\/lebensberatung\/wp-json\/wp\/v2\/types\/page"}],"author":[{"embeddable":true,"href":"http:\/\/leben-sinn.de\/lebensberatung\/wp-json\/wp\/v2\/users\/1"}],"replies":[{"embeddable":true,"href":"http:\/\/leben-sinn.de\/lebensberatung\/wp-json\/wp\/v2\/comments?post=271"}],"version-history":[{"count":26,"href":"http:\/\/leben-sinn.de\/lebensberatung\/wp-json\/wp\/v2\/pages\/271\/revisions"}],"predecessor-version":[{"id":1993,"href":"http:\/\/leben-sinn.de\/lebensberatung\/wp-json\/wp\/v2\/pages\/271\/revisions\/1993"}],"wp:attachment":[{"href":"http:\/\/leben-sinn.de\/lebensberatung\/wp-json\/wp\/v2\/media?parent=271"}],"curies":[{"name":"wp","href":"https:\/\/api.w.org\/{rel}","templated":true}]}}