{"id":290,"date":"2013-09-07T20:28:29","date_gmt":"2013-09-07T18:28:29","guid":{"rendered":"http:\/\/leben-sinn.de\/lebensberatung\/?page_id=290"},"modified":"2014-04-18T03:58:11","modified_gmt":"2014-04-18T01:58:11","slug":"ernaehrungsberatung","status":"publish","type":"page","link":"http:\/\/leben-sinn.de\/lebensberatung\/naturheilpraxis\/ernaehrungsberatung","title":{"rendered":"ernaehrungs-beratung"},"content":{"rendered":"<table class=\"inhalternaehrung\">\n<tbody>\n<tr>\n<td class=\"text\">\n<h1>&#8222;10kg in 10 wochen&#8220;<\/h1>\n<p style=\"text-align: justify;\"><strong><span style=\"color: #99cc00;\">Hier ist eine Einladung, die eigene Ern\u00e4hrung einmal tiefsinnig zu hinterfragen. <\/span><\/strong>Es geht um zum Teil ganz neue Sichtweisen auf das Essen \u2014 aber keineswegs um eine karge asketische K\u00fcche, sondern darum, die passende Ern\u00e4hrungsweise zu finden und diese freudig und spielend leicht ins Leben zu bringen. \u201eGanz nebenbei\u201c gehen dabei auch \u00fcberfl\u00fcssige Pfunde verloren.<\/p>\n<p style=\"text-align: justify;\"><strong><span style=\"color: #99cc00;\">Unsere Ern\u00e4hrungsgewohnheiten werden bereits in der Kindheit tief gepr\u00e4gt.<\/span> <\/strong>Oft beh\u00e4lt man diese urspr\u00fcngliche Art des Essens ein Leben lang bei, bis \u00dcbergewicht, Unwohlsein, Krankheit oder ein traumatisches Ereignis darauf aufmerksam machen, dass etwas anders werden muss\u2009\u2026<\/p>\n<h1>falsche ern\u00e4hrung macht krank \/ gesundes essen heilt<\/h1>\n<p style=\"text-align: justify;\"><strong><span style=\"color: #99cc00;\">Du bist, was Du isst.<\/span> <\/strong>Unser K\u00f6rper erschafft sich immer wieder neu &#8211; und das aus den &#8222;Zutaten&#8220;, die wir ihm anbieten: zum Beispiel aus der Luft, die wir atmen, aus dem Wasser, das wir trinken, aus den Gedanken, die wir denken und aus der Nahrung, die wir zu uns nehmen &#8230; \u00a0<strong> <\/strong><\/p>\n<p><strong><span style=\"color: #99cc00;\">Was denkst Du? Was trinkst Du? Was isst Du?\u00a0 &#8211;\u00a0 Wie gesund bist Du?<br \/>\n<\/span><\/strong><\/p>\n<p style=\"text-align: justify;\">Die jahrelange Nicht-Beachtung einer gesunden Ern\u00e4hrung f\u00fchrt zum Raubbau im K\u00f6rper und schlie\u00dflich zu tiefgreifenden Mangel- und Vergiftungserscheinungen, die sich als Krankheiten manifestieren. Um sich aus den F\u00e4ngen von Zivilisationskrankheiten wie Diabetes, Bluthochdruck,Rheuma, MS, Parkinson, Krebs, &#8230; wieder zu befreien, braucht es u.a. auch eine radikale Umstellung der Ern\u00e4hrungsform.<\/p>\n<p style=\"text-align: justify;\"><strong><span style=\"color: #99cc00;\">Der Weg zur eigenen Gesundung<\/span> <\/strong>schlie\u00dft ein, wieder sensibel zu werden f\u00fcr die wirklichen Bed\u00fcrfnisse des K\u00f6rpers, um diese auf sanfte und bewusste Aert ins Leben zu integrieren. Ich helfe gern dabei, ein stimmiges Konzept zu finden, das auch langfristig beibehalten werden kann, und stehe begleitend zur Verf\u00fcgung.<\/p>\n<p><a title=\"Kurse \/ individuelle Beratung\" href=\"..\/beratung\">Kurse \/ individuelle Beratung<\/a><a title=\"Termine \/ Preise\" href=\"..\/ernaehrung-termine\">Termine \/ Preise<\/a><\/td>\n<td class=\"bild\"><\/td>\n<\/tr>\n<\/tbody>\n<\/table>\n","protected":false},"excerpt":{"rendered":"<p>&#8222;10kg in 10 wochen&#8220; Hier ist eine Einladung, die eigene Ern\u00e4hrung einmal tiefsinnig zu hinterfragen. Es geht um zum Teil ganz neue Sichtweisen auf das Essen \u2014 aber keineswegs um eine karge asketische K\u00fcche, sondern darum, die passende Ern\u00e4hrungsweise zu finden und diese freudig und spielend leicht ins Leben zu bringen. \u201eGanz nebenbei\u201c gehen dabei [&hellip;]<\/p>\n","protected":false},"author":1,"featured_media":0,"parent":271,"menu_order":2,"comment_status":"closed","ping_status":"closed","template":"page-templates\/full-width.php","meta":[],"_links":{"self":[{"href":"http:\/\/leben-sinn.de\/lebensberatung\/wp-json\/wp\/v2\/pages\/290"}],"collection":[{"href":"http:\/\/leben-sinn.de\/lebensberatung\/wp-json\/wp\/v2\/pages"}],"about":[{"href":"http:\/\/leben-sinn.de\/lebensberatung\/wp-json\/wp\/v2\/types\/page"}],"author":[{"embeddable":true,"href":"http:\/\/leben-sinn.de\/lebensberatung\/wp-json\/wp\/v2\/users\/1"}],"replies":[{"embeddable":true,"href":"http:\/\/leben-sinn.de\/lebensberatung\/wp-json\/wp\/v2\/comments?post=290"}],"version-history":[{"count":28,"href":"http:\/\/leben-sinn.de\/lebensberatung\/wp-json\/wp\/v2\/pages\/290\/revisions"}],"predecessor-version":[{"id":842,"href":"http:\/\/leben-sinn.de\/lebensberatung\/wp-json\/wp\/v2\/pages\/290\/revisions\/842"}],"up":[{"embeddable":true,"href":"http:\/\/leben-sinn.de\/lebensberatung\/wp-json\/wp\/v2\/pages\/271"}],"wp:attachment":[{"href":"http:\/\/leben-sinn.de\/lebensberatung\/wp-json\/wp\/v2\/media?parent=290"}],"curies":[{"name":"wp","href":"https:\/\/api.w.org\/{rel}","templated":true}]}}